 base 4?
2001
1 (base 5) to base 10
1
-3 (base 7) to base 5
-3
200 (base 6) to base 2
1001000
What is -14 (base 13) in base 5?
-32
c (base 13) to base 15
c
-41 (base 12) to base 2
-110001
Convert -8 (base 14) to base 7.
-11
Convert -62 (base 12) to base 10.
-74
What is 1 (base 2) in base 11?
1
153 (base 13) to base 14
12d
Convert -16 (base 10) to base 11.
-15
216 (base 8) to base 6
354
Convert b (base 14) to base 16.
b
Convert -11101 (base 2) to base 16.
-1d
Convert -21 (base 9) to base 12.
-17
-34 (base 11) to base 3
-1101
What is -162 (base 8) in base 10?
-114
2 (base 9) to base 10
2
What is 7 (base 11) in base 13?
7
Convert 8 (base 15) to base 16.
8
Convert -3 (base 5) to base 3.
-10
-81 (base 9) to base 13
-58
What is -b (base 12) in base 13?
-b
What is -49 (base 12) in base 16?
-39
What is 125 (base 13) in base 4?
3020
What is -2 (base 16) in base 14?
-2
What is 0 (base 5) in base 6?
0
Convert -1 (base 15) to base 8.
-1
Convert 5 (base 16) to base 5.
10
Convert -3 (base 10) to base 14.
-3
What is 10 (base 7) in base 5?
12
-204 (base 7) to base 16
-66
6a (base 14) to base 8
136
Convert 1 (base 12) to base 13.
1
What is 301 (base 4) in base 7?
100
What is -4 (base 5) in base 10?
-4
0 (base 16) to base 13
0
Convert -102 (base 6) to base 8.
-46
What is 5 (base 9) in base 3?
12
146 (base 11) to base 10
171
-6 (base 10) to base 16
-6
What is -2 (base 3) in base 7?
-2
20 (base 11) to base 10
22
What is -17 (base 13) in base 10?
-20
What is -20 (base 5) in base 14?
-a
Convert 0 (base 11) to base 5.
0
Convert 102 (base 3) to base 11.
10
What is -200 (base 6) in base 10?
-72
-8 (base 10) to base 4
-20
What is -111001 (base 2) in base 5?
-212
What is 5 (base 7) in base 11?
5
10101100 (base 2) to base 16
ac
12 (base 5) to base 3
21
Convert 7 (base 14) to base 7.
10
What is -24 (base 5) in base 2?
-1110
Convert -bc (base 14) to base 10.
-166
Convert 3 (base 15) to base 3.
10
What is 12 (base 5) in base 3?
21
Convert 3211 (base 4) to base 9.
274
3 (base 11) to base 16
3
Convert 203 (base 4) to base 14.
27
Convert -56 (base 7) to base 4.
-221
Convert -2 (base 16) to base 14.
-2
-14 (base 6) to base 15
-a
What is -101 (base 2) in base 10?
-5
Convert 0 (base 5) to base 12.
0
Convert -c (base 15) to base 16.
-c
-147 (base 14) to base 11
-216
1 (base 16) to base 12
1
Convert 31 (base 9) to base 11.
26
Convert -2 (base 13) to base 7.
-2
-2101 (base 4) to base 16
-91
64 (base 7) to base 2
101110
What is -175 (base 9) in base 2?
-10010101
63 (base 15) to base 8
135
3 (base 9) to base 10
3
c (base 14) to base 4
30
-1014 (base 6) to base 7
-442
5 (base 15) to base 13
5
-2 (base 8) to base 2
-10
7 (base 13) to base 3
21
-22 (base 3) to base 2
-1000
6 (base 14) to base 13
6
Convert 110 (base 5) to base 9.
33
Convert -ec (base 15) to base 3.
-22020
Convert 2312 (base 5) to base 6.
1312
-101 (base 10) to base 9
-122
Convert 70 (base 16) to base 9.
134
What is 16 (base 7) in base 8?
15
Convert 3 (base 11) to base 15.
3
-15 (base 11) to base 5
-31
Convert 2 (base 11) to base 12.
2
-1 (base 3) to base 15
-1
121 (base 5) to base 6
100
Convert 3 (base 15) to base 9.
3
-1 (base 14) to base 15
-1
What is 201 (base 3) in base 7?
25
113 (base 4) to base 14
19
3 (base 11) to base 7
3
-32 (base 5) to base 6
-25
-2 (base 9) to base 10
-2
-21 (base 16) to base 6
-53
-d (base 15) to base 5
-23
3 (base 14) to base 6
3
Convert 12 (base 5) to base 8.
7
Convert -2 (base 14) to base 12.
-2
What is -3 (base 6) in base 4?
-3
-65 (base 12) to base 7
-140
Convert 150 (base 7) to base 8.
124
What is 0 (base 7) in base 3?
0
6 (base 16) to base 6
10
-13 (base 12) to base 15
-10
Convert -252 (base 6) to base 12.
-88
-5 (base 16) to base 11
-5
What is 100 (base 3) in base 15?
9
What is 1 (base 7) in base 4?
1
Convert -3113 (base 4) to base 8.
-327
-10 (base 13) to base 10
-13
What is -211 (base 4) in base 8?
-45
Convert 1 (base 8) to base 5.
1
43 (base 7) to base 15
21
Convert d (base 14) to base 10.
13
-10001 (base 2) to base 14
-13
-9 (base 12) to base 7
-12
What is -11 (base 3) in base 10?
-4
What is 5 (base 6) in base 16?
5
Convert -110010 (base 2) to base 6.
-122
120 (base 4) to base 6
40
Convert 3 (base 7) to base 9.
3
What is 12 (base 9) in base 16?
b
What is -210 (base 9) in base 2?
-10101011
Convert -1110 (base 2) to base 5.
-24
What is 304 (base 7) in base 15?
a1
What is -1 (base 3) in base 9?
-1
Convert -21011 (base 3) to base 2.
-11000001
-44 (base 6) to base 7
-40
-13 (base 11) to base 8
-16
2 (base 8) to base 10
2
Convert 0 (base 14) to base 6.
0
4 (base 15) to base 7
4
What is -5 (base 11) in base 16?
-5
Convert -300 (base 7) to base 5.
-1042
-2 (base 7) to base 3
-2
3 (base 8) to base 14
3
What is 2 (base 10) in base 2?
10
Convert 1 (base 8) to base 16.
1
Convert -1022 (base 4) to base 6.
-202
Convert -27 (base 12) to base 16.
-1f
-2 (base 5) to base 3
-2
1000110 (base 2) to base 15
4a
What is 4 (base 13) in base 10?
4
Convert 0 (base 7) to base 12.
0
Convert 45 (base 12) to base 5.
203
1 (base 10) to base 2
1
Convert -4 (base 16) to base 15.
-4
3 (base 10) to base 14
3
Convert 2 (base 11) to base 7.
2
What is 336 (base 9) in base 7?
543
What is 12 (base 14) in base 8?
20
a (base 14) to base 8
12
-77 (base 15) to base 12
-94
What is 1 (base 10) in base 6?
1
-1 (base 15) to base 6
-1
Convert -11012 (base 3) to base 14.
-81
What is -1 (base 4) in base 10?
-1
What is c (base 15) in base 13?
c
Convert 111 (base 2) to base 8.
7
What is 301 (base 4) in base 5?
144
What is 11100 (base 2) in base 8?
34
What is -8a (base 11) in base 13?
-77
9 (base 11) to base 4
21
-6 (base 16) to base 9
-6
0 (base 8) to base 12
0
What is 33 (base 13) in base 2?
101010
10 (base 8) to base 10
8
Convert -2 (base 4) to base 9.
-2
2 (base 16) to base 10
2
What is -77 (base 8) in base 12?
-53
What is -2 (base 12) in base 7?
-2
2 (base 12) to base 11
2
0 (base 8) to base 4
0
-57 (base 8) to base 11
-43
-101 (base 5) to base 10
-26
What is -4 (base 11) in base 6?
-4
Convert -1101 (base 2) to base 10.
-13
What is 3 (base 12) in base 13?
3
What is 25 (base 12) in base 15?
1e
Convert -2f (base 16) to base 6.
-115
-1 (base 9) to base 8
-1
What is -1301 (base 5) in base 16?
-c9
Convert -11 (base 3) to base 14.
-4
-1100 (base 2) to base 7
-15
What is -13 (base 9) in base 14?
-c
3 (base 15) to base 8
3
Convert -1110 (base 2) to base 9.
-15
Convert -4 (base 16) to base 5.
-4
Convert b (base 14) to base 12.
b
What is 95 (base 16) in base 7?
302
-12 (base 3) to base 14
-5
What is 5 (base 12) in base 6?
5
What is 40 (base 10) in base 3?
1111
Convert 9 (base 11) to base 16.
9
What is -3 (base 16) in base 7?
-3
Convert 21 (base 6) to base 10.
13
Convert -4 (base 11) to base 15.
-4
What is 3 (base 16) in base 15?
3
40 (base 5) to base 16
14
What is -133 (base 4) in base 15?
-21
What is -5 (base 6) in base 14?
-5
What is -3 (base 10) in base 2?
-11
What is 5 (base 8) in base 7?
5
Convert -1113 (base 4) to base 12.
-73
Convert 5 (base 15) to base 9.
5
Convert -2 (base 3) to base 10.
-2
Convert -2 (base 9) to base 13.
-2
What is 22 (base 7) in base 11?
15
What is -162 (base 7) in base 16?
-5d
What is -13 (base 14) in base 8?
-21
What is 22 (base 3) in base 15?
8
What is 1011 (base 2) in base 11?
10
What is -23 (base 13) in base 10?
-29
Convert -79 (base 10) to base 7.
-142
Convert 3 (base 10) to base 5.
3
What is -20 (base 3) in base 10?
-6
-202 (base 7) to base 10
-100
-20 (base 7) to base 8
-16
Convert 35 (base 14) to base 12.
3b
Convert -12 (base 7) to base 15.
-9
1 (base 6) to base 9
1
1 (base 11) to base 5
1
What is 62 (base 10) in base 13?
4a
Convert -230 (base 4) to base 15.
-2e
Convert c (base 14) to base 6.
20
Convert -10 (base 4) to base 8.
-4
Convert -343 (base 6) to base 16.
-87
What is 113 (base 6) in base 3?
1200
Convert 520 (base 6) to base 13.
11a
Convert -5b (base 13) to base 4.
-1030
What is -11100 (base 2) in base 12?
-24
Convert e (base 16) to base 5.
24
Convert 12 (base 4) to base 6.
10
Convert 4 (base 11) to base 13.
4
6 (base 12) to base 16
6
What is 1 (base 4) in base 3?
1
What is 312 (base 6) in base 12?
98
41 (base 8) to base 12
29
5d (base 14) to base 6
215
What is -81 (base 10) in base 11?
-74
Convert 101000 (base 2) to base 4.
220
Convert 2 (base 16) to base 10.
2
What is 0 (base 7) in base 4?